{"id":905,"date":"2025-09-23T12:15:49","date_gmt":"2025-09-23T15:15:49","guid":{"rendered":"http:\/\/ftuvz.unsl.edu.ar\/?page_id=905"},"modified":"2025-10-24T11:37:41","modified_gmt":"2025-10-24T14:37:41","slug":"departamentos-y-areas-de-integracion-curricular","status":"publish","type":"page","link":"http:\/\/ftuvz.unsl.edu.ar\/index.php\/departamentos-y-areas-de-integracion-curricular\/","title":{"rendered":"Departamentos y \u00c1reas de integraci\u00f3n curricular"},"content":{"rendered":"\n<p class=\"has-white-color has-text-color has-background has-link-color has-medium-font-size wp-elements-fd0b7a9ea679dbd0bc78bb49ecd9ead5\" style=\"background-color:#996a16\"><em><strong>Dpto. de Turismo<\/strong><\/em><\/p>\n\n\n\n<p><strong>&#8211; Director Normalizador<\/strong>&nbsp;&#8211; Diego D\u00cdAZ (<a href=\"http:\/\/digesto.unsl.edu.ar\/docs\/202310\/20231030082911_27622.pdf\">RCD 28\/23<\/a>)<br>&nbsp;&nbsp;&nbsp; Contacto:&nbsp;<a href=\"mailto:dturismoftu@gmail.com\">dturismoftu@gmail.com<\/a><\/p>\n\n\n\n<p><strong>&#8211; Consejo Asesor<\/strong>\u00a0(<a href=\"http:\/\/digesto.unsl.edu.ar\/docs\/202312\/20231219103325_13834.pdf\">RCD 48\/23<\/a>)<br>Profesores<br>\u00a0\u00a0\u00a0 Titulares: Mar\u00eda Bel\u00e9n SENDER &#8211; Carlos Ariel BARRETO &#8211; Mar\u00eda Soledad AGUILERA<br>\u00a0\u00a0\u00a0 Suplentes: Anal\u00eda Ver\u00f3nica M\u00dcLLER &#8211; Miguel Oscar MARTIN &#8211; Estefan\u00eda STADELMAN &#8211; Mar\u00eda Florencia ARRIOLA &#8211; Evangelina Paula SOLIS<\/p>\n\n\n\n<p>Auxiliares<br>&nbsp;&nbsp;&nbsp; Titulares: Leandro Ra\u00fal BIANCHI &#8211; Federico Mart\u00edn Lucero<br>&nbsp;&nbsp;&nbsp; Suplentes: Micaela Luc\u00eda CANCLINI &#8211; Mar\u00eda Laura DE SIMONY &#8211; Adriana Gabriela SEGURA &#8211; Agust\u00edn Ezequiel MARTINEZ<\/p>\n\n\n\n<p>Estudiantes<br>&nbsp;&nbsp;&nbsp; Titulares: Florencia Yael ADDALA<br>&nbsp;&nbsp;&nbsp; Suplentes: Sof\u00eda FIGUEROA &#8211; Mariano Emanuel SOSA GRIPPO<\/p>\n\n\n\n<p><strong>&#8211; \u00c1reas de Integraci\u00f3n Curricular<\/strong><br>*\u00a0<em>Formaci\u00f3n General<\/em>\u00a0(<a href=\"https:\/\/notif-vz.unsl.edu.ar\/uploads\/138518\/RD_220-2025.pdf\">RD 220\/25<\/a>)<br>&#8211; Coordinadora: Luc\u00eda Villarroel<br>&#8211; Secretaria: Mar\u00eda Pilar Reinoso<\/p>\n\n\n\n<p>*\u00a0<em>Turismo y Sociedad<\/em>\u00a0(<a href=\"http:\/\/digesto.unsl.edu.ar\/docs\/202311\/20231107084108_14866.pdf\">RD 351\/23<\/a>)<br>&#8211; Coordinadora: Mariela Yamile BONILLA<br>&#8211; Secretaria: Luc\u00eda Julieta BERARDI<\/p>\n\n\n\n<p>*\u00a0<em>Organizaci\u00f3n y Gesti\u00f3n de Empresas Tur\u00edsticas<\/em>\u00a0(<a href=\"https:\/\/notif-vz.unsl.edu.ar\/uploads\/96183\/RD_178-24.pdf\">RD178\/24<\/a>)<br>&#8211; Coordinadora: Mar\u00eda Laura DE SIMONY<br>&#8211; Secretaria: Federico Mart\u00edn LUCERO<\/p>\n\n\n\n<p>*\u00a0<em>Pr\u00e1ctica<\/em>\u00a0(<a href=\"http:\/\/digesto.unsl.edu.ar\/docs\/202211\/20221103120246_4242.pdf\">RD 360\/22<\/a>)<br>&#8211; Coordinadora: Mar\u00eda F\u00e1tima CAMARGO ARREGUI<br>&#8211; Secretaria: Natalia Vanina GERACI<\/p>\n\n\n\n<p>*\u00a0<em>Desarrollo Urbano y Regional de la Licenciatura en Gesti\u00f3n para el Desarrollo Urbano y Regional (LGDUR)<\/em>\u00a0(<a href=\"http:\/\/digesto.unsl.edu.ar\/docs\/202211\/20221124094300_19602.pdf\">Ord.D 9\/22<\/a>, <a href=\"http:\/\/digesto.unsl.edu.ar\/docs\/202402\/20240205134447_9433.pdf\">RD 420\/23<\/a> y <a href=\"https:\/\/notif-vz.unsl.edu.ar\/uploads\/105047\/RD_248-24.pdf\">RD 248\/24<\/a>)<br>&#8211; Coordinadora: \u00c9rico BIANCHI<br>&#8211; Secretaria: Ana Sof\u00eda RESIO<\/p>\n\n\n\n<p class=\"has-white-color has-text-color has-background has-link-color has-medium-font-size wp-elements-fd93e2284929110e88471f8a43ba89ee\" style=\"background-color:#996a16\"><em><em><strong>Dpto. de Arom\u00e1ticas y Jardiner\u00eda<\/strong><\/em><\/em><\/p>\n\n\n\n<p><strong>&#8211; Directora Normalizadora<\/strong>&nbsp;&#8211; Sonia fabiana OCA\u00d1O (<a href=\"http:\/\/digesto.unsl.edu.ar\/docs\/202310\/20231030083256_27623.pdf\">RCD 29\/23<\/a>)<br>&nbsp;&nbsp;&nbsp; Contacto:&nbsp;<a href=\"mailto:ftu.departamentoaroyja.unsl@gmail.com\">ftu.departamentoaroyja.unsl@gmail.com<\/a><\/p>\n\n\n\n<p><strong>&#8211; Consejo Asesor<\/strong>\u00a0(<a href=\"http:\/\/digesto.unsl.edu.ar\/docs\/202312\/20231219102253_13298.pdf\">RCD 47\/23<\/a>)<br>Profesores<br>\u00a0\u00a0\u00a0 Titulares: Ariana Cristina POSADAZ &#8211; Alejandro Daniel SUYAMA &#8211; Gustavo Germ\u00e1n ROITMAN<br>\u00a0\u00a0\u00a0 Suplentes: Andrea DENEGRI &#8211; M\u00f3nica Liliana CRESMANI<\/p>\n\n\n\n<p>Auxiliares<br>&nbsp;&nbsp;&nbsp; Titulares: Mar\u00eda Cecilia GENOVESE &#8211; Mar\u00eda Gabriela S\u00c1NCHEZ<br>&nbsp;&nbsp;&nbsp; Suplentes: Alberto ATENCIA&nbsp;&#8211; Luciana Sol SILVESTRE<\/p>\n\n\n\n<p><strong>&#8211; \u00c1reas de Integraci\u00f3n Curricular<\/strong><br>*\u00a0<em>Formaci\u00f3n B\u00e1sica<\/em>\u00a0(<a href=\"http:\/\/digesto.unsl.edu.ar\/docs\/202311\/20231130081919_13363.pdf\">RD378\/23<\/a>)<br>&#8211; Coordinador: Ignacio Jos\u00e9 ROJIDO<\/p>\n\n\n\n<p>*\u00a0<em>Formaci\u00f3n Aplicada a la Jardiner\u00eda<\/em>\u00a0(<a href=\"https:\/\/notif-vz.unsl.edu.ar\/uploads\/83588\/RD_67-24.pdf\">RD67\/24<\/a>, <a href=\"http:\/\/digesto.unsl.edu.ar\/docs\/202312\/20231220112046_31368.pdf\">RD28\/20<\/a> y <a href=\"http:\/\/digesto.unsl.edu.ar\/docs\/201911\/20191108103542_27224.pdf\">RD 212\/19<\/a>)<br>&#8211; Coordinadora: Melina Andrea COSTA<br>&#8211; Secretaria: Luciana Sol Silvestre<\/p>\n\n\n\n<p>*\u00a0<em>Formaci\u00f3n Aplicada a la Producci\u00f3n<\/em>\u00a0(<a href=\"http:\/\/digesto.unsl.edu.ar\/docs\/202312\/20231214075531_29259.pdf\">RD 395\/23<\/a>)<br>&#8211; Coordinadora: Zulma Noem\u00ed RUIZ D\u00cdAZ<br>&#8211; Secretaria: Mar\u00eda Gabriela S\u00c1NCHEZ<\/p>\n","protected":false},"excerpt":{"rendered":"<p>Dpto. de Turismo &#8211; Director Normalizador&nbsp;&#8211; Diego D\u00cdAZ (RCD 28\/23)&nbsp;&nbsp;&nbsp; Contacto:&nbsp;dturismoftu@gmail.com &#8211; Consejo Asesor\u00a0(RCD 48\/23)Profesores\u00a0\u00a0\u00a0 Titulares: Mar\u00eda Bel\u00e9n SENDER &#8211; [&hellip;]<\/p>\n","protected":false},"author":1,"featured_media":0,"parent":0,"menu_order":0,"comment_status":"closed","ping_status":"closed","template":"","meta":{"site-sidebar-layout":"default","site-content-layout":"","ast-site-content-layout":"default","site-content-style":"default","site-sidebar-style":"default","ast-global-header-display":"","ast-banner-title-visibility":"","ast-main-header-display":"","ast-hfb-above-header-display":"","ast-hfb-below-header-display":"","ast-hfb-mobile-header-display":"","site-post-title":"","ast-breadcrumbs-content":"","ast-featured-img":"","footer-sml-layout":"","theme-transparent-header-meta":"","adv-header-id-meta":"","stick-header-meta":"","header-above-stick-meta":"","header-main-stick-meta":"","header-below-stick-meta":"","astra-migrate-meta-layouts":"default","ast-page-background-enabled":"default","ast-page-background-meta":{"desktop":{"background-color":"var(--ast-global-color-5)","background-image":"","background-repeat":"repeat","background-position":"center center","background-size":"auto","background-attachment":"scroll","background-type":"","background-media":"","overlay-type":"","overlay-color":"","overlay-opacity":"","overlay-gradient":""},"tablet":{"background-color":"","background-image":"","background-repeat":"repeat","background-position":"center center","background-size":"auto","background-attachment":"scroll","background-type":"","background-media":"","overlay-type":"","overlay-color":"","overlay-opacity":"","overlay-gradient":""},"mobile":{"background-color":"","background-image":"","background-repeat":"repeat","background-position":"center center","background-size":"auto","background-attachment":"scroll","background-type":"","background-media":"","overlay-type":"","overlay-color":"","overlay-opacity":"","overlay-gradient":""}},"ast-content-background-meta":{"desktop":{"background-color":"var(--ast-global-color-4)","background-image":"","background-repeat":"repeat","background-position":"center center","background-size":"auto","background-attachment":"scroll","background-type":"","background-media":"","overlay-type":"","overlay-color":"","overlay-opacity":"","overlay-gradient":""},"tablet":{"background-color":"var(--ast-global-color-4)","background-image":"","background-repeat":"repeat","background-position":"center center","background-size":"auto","background-attachment":"scroll","background-type":"","background-media":"","overlay-type":"","overlay-color":"","overlay-opacity":"","overlay-gradient":""},"mobile":{"background-color":"var(--ast-global-color-4)","background-image":"","background-repeat":"repeat","background-position":"center center","background-size":"auto","background-attachment":"scroll","background-type":"","background-media":"","overlay-type":"","overlay-color":"","overlay-opacity":"","overlay-gradient":""}},"footnotes":"","_links_to":"","_links_to_target":""},"class_list":["post-905","page","type-page","status-publish","hentry"],"rttpg_featured_image_url":null,"rttpg_author":{"display_name":"ftu","author_link":"http:\/\/ftuvz.unsl.edu.ar\/index.php\/author\/ftu\/"},"rttpg_comment":0,"rttpg_category":null,"rttpg_excerpt":"Dpto. de Turismo &#8211; Director Normalizador&nbsp;&#8211; Diego D\u00cdAZ (RCD 28\/23)&nbsp;&nbsp;&nbsp; Contacto:&nbsp;dturismoftu@gmail.com &#8211; Consejo Asesor\u00a0(RCD 48\/23)Profesores\u00a0\u00a0\u00a0 Titulares: Mar\u00eda Bel\u00e9n SENDER &#8211; [&hellip;]","_links":{"self":[{"href":"http:\/\/ftuvz.unsl.edu.ar\/index.php\/wp-json\/wp\/v2\/pages\/905","targetHints":{"allow":["GET"]}}],"collection":[{"href":"http:\/\/ftuvz.unsl.edu.ar\/index.php\/wp-json\/wp\/v2\/pages"}],"about":[{"href":"http:\/\/ftuvz.unsl.edu.ar\/index.php\/wp-json\/wp\/v2\/types\/page"}],"author":[{"embeddable":true,"href":"http:\/\/ftuvz.unsl.edu.ar\/index.php\/wp-json\/wp\/v2\/users\/1"}],"replies":[{"embeddable":true,"href":"http:\/\/ftuvz.unsl.edu.ar\/index.php\/wp-json\/wp\/v2\/comments?post=905"}],"version-history":[{"count":10,"href":"http:\/\/ftuvz.unsl.edu.ar\/index.php\/wp-json\/wp\/v2\/pages\/905\/revisions"}],"predecessor-version":[{"id":2418,"href":"http:\/\/ftuvz.unsl.edu.ar\/index.php\/wp-json\/wp\/v2\/pages\/905\/revisions\/2418"}],"wp:attachment":[{"href":"http:\/\/ftuvz.unsl.edu.ar\/index.php\/wp-json\/wp\/v2\/media?parent=905"}],"curies":[{"name":"wp","href":"https:\/\/api.w.org\/{rel}","templated":true}]}}