{"id":5017,"date":"2026-02-20T13:19:49","date_gmt":"2026-02-20T16:19:49","guid":{"rendered":"http:\/\/ftuvz.unsl.edu.ar\/?page_id=5017"},"modified":"2026-03-10T12:36:44","modified_gmt":"2026-03-10T15:36:44","slug":"unidad-de-educacion-a-distancia-uead","status":"publish","type":"page","link":"http:\/\/ftuvz.unsl.edu.ar\/index.php\/unidad-de-educacion-a-distancia-uead\/","title":{"rendered":"Educaci\u00f3n a Distancia"},"content":{"rendered":"\n<h2 class=\"wp-block-heading has-text-align-center\">Unidad de Educaci\u00f3n a Distancia (UEaD)<\/h2>\n\n\n\n<figure class=\"wp-block-image aligncenter size-full is-resized\"><img loading=\"lazy\" decoding=\"async\" width=\"860\" height=\"780\" src=\"http:\/\/ftuvz.unsl.edu.ar\/wp-content\/uploads\/2026\/02\/Logo-UEaD-r.png\" alt=\"\" class=\"wp-image-5018\" style=\"width:auto;height:200px\" srcset=\"http:\/\/ftuvz.unsl.edu.ar\/wp-content\/uploads\/2026\/02\/Logo-UEaD-r.png 860w, http:\/\/ftuvz.unsl.edu.ar\/wp-content\/uploads\/2026\/02\/Logo-UEaD-r-300x272.png 300w, http:\/\/ftuvz.unsl.edu.ar\/wp-content\/uploads\/2026\/02\/Logo-UEaD-r-768x697.png 768w\" sizes=\"auto, (max-width: 860px) 100vw, 860px\" \/><\/figure>\n\n\n\n<p>La Unidad de Educaci\u00f3n a Distancia (UEaD) de la Facultad de Turismo y Urbanismo, de acuerdo con lo establecido en la <a href=\"http:\/\/digesto.unsl.edu.ar\/docs\/201804\/20180425113526_17664.pdf\">OCS N\u00b0 5\/18<\/a>  tiene como principal finalidad \u201cDesarrollar y dar soporte a la educaci\u00f3n a distancia en la Facultad, en el marco de los lineamientos de la modalidad de Educaci\u00f3n a Distancia de la Universidad Nacional de San Luis.\u201d<\/p>\n\n\n\n<p><strong>MISI\u00d3N<\/strong><br>Acompa\u00f1ar, fortalecer y garantizar la calidad educativa de las propuestas a distancia, mediante el asesoramiento tecno pedag\u00f3gico, la formaci\u00f3n docente continua y el seguimiento de los entornos virtuales de aprendizaje, promoviendo un modelo de ense\u00f1anza flexible, inclusivo y de calidad, orientado a ampliar las oportunidades de aprendizaje en el \u00e1mbito institucional.<\/p>\n\n\n\n<p><strong>VISI\u00d3N<\/strong><br>Consolidarse como un espacio institucional de referencia en el desarrollo de propuestas educativas mediadas por tecnolog\u00edas, promoviendo pr\u00e1cticas pedag\u00f3gicas innovadoras, accesibles y de calidad, garantizando que cada propuesta educativa cumpla los est\u00e1ndares institucionales, a fin de propiciar un entorno de innovaci\u00f3n y calidad en la educaci\u00f3n a distancia que ampl\u00ede las oportunidades de formaci\u00f3n y fortalezca las trayectorias educativas en el \u00e1mbito universitario.<\/p>\n\n\n\n<p><strong>CREACI\u00d3N UEaD<\/strong>  <a href=\"https:\/\/notif-vz.unsl.edu.ar\/uploads\/151423\/OCD_8-25.pdf\">OCD  N\u00b0 8\/2025<\/a>   <\/p>\n\n\n\n<p><strong>ESTRUCTURA DE FUNCIONAMIENTO<\/strong>  <a href=\"https:\/\/notif-vz.unsl.edu.ar\/uploads\/155535\/RD_27-2026.pdf\">RD N\u00b0 27\/2026<\/a> <br>Coordinadora: Mgtr. Marcela Mar\u00eda De Luca<br>Comisi\u00f3n: Mgtr. Marcela Mar\u00eda De Luca, Lic. Soledad Aguilera, Prof. Estefan\u00eda Stadelman<\/p>\n\n\n\n<p>Para m\u00e1s informaci\u00f3n sobre nuestra Unidad de Educaci\u00f3n a Distancia comunicarse con <a href=\"mailto:ftu.adistancia@gmail.com\">ftu.adistancia@gmail.com<\/a><\/p>\n\n\n\n<p><\/p>\n","protected":false},"excerpt":{"rendered":"<p>Unidad de Educaci\u00f3n a Distancia (UEaD) La Unidad de Educaci\u00f3n a Distancia (UEaD) de la Facultad de Turismo y Urbanismo, [&hellip;]<\/p>\n","protected":false},"author":1,"featured_media":0,"parent":0,"menu_order":0,"comment_status":"closed","ping_status":"closed","template":"","meta":{"site-sidebar-layout":"default","site-content-layout":"","ast-site-content-layout":"default","site-content-style":"default","site-sidebar-style":"default","ast-global-header-display":"","ast-banner-title-visibility":"","ast-main-header-display":"","ast-hfb-above-header-display":"","ast-hfb-below-header-display":"","ast-hfb-mobile-header-display":"","site-post-title":"disabled","ast-breadcrumbs-content":"","ast-featured-img":"","footer-sml-layout":"","theme-transparent-header-meta":"","adv-header-id-meta":"","stick-header-meta":"","header-above-stick-meta":"","header-main-stick-meta":"","header-below-stick-meta":"","astra-migrate-meta-layouts":"default","ast-page-background-enabled":"default","ast-page-background-meta":{"desktop":{"background-color":"var(--ast-global-color-5)","background-image":"","background-repeat":"repeat","background-position":"center center","background-size":"auto","background-attachment":"scroll","background-type":"","background-media":"","overlay-type":"","overlay-color":"","overlay-opacity":"","overlay-gradient":""},"tablet":{"background-color":"","background-image":"","background-repeat":"repeat","background-position":"center center","background-size":"auto","background-attachment":"scroll","background-type":"","background-media":"","overlay-type":"","overlay-color":"","overlay-opacity":"","overlay-gradient":""},"mobile":{"background-color":"","background-image":"","background-repeat":"repeat","background-position":"center center","background-size":"auto","background-attachment":"scroll","background-type":"","background-media":"","overlay-type":"","overlay-color":"","overlay-opacity":"","overlay-gradient":""}},"ast-content-background-meta":{"desktop":{"background-color":"var(--ast-global-color-4)","background-image":"","background-repeat":"repeat","background-position":"center center","background-size":"auto","background-attachment":"scroll","background-type":"","background-media":"","overlay-type":"","overlay-color":"","overlay-opacity":"","overlay-gradient":""},"tablet":{"background-color":"var(--ast-global-color-4)","background-image":"","background-repeat":"repeat","background-position":"center center","background-size":"auto","background-attachment":"scroll","background-type":"","background-media":"","overlay-type":"","overlay-color":"","overlay-opacity":"","overlay-gradient":""},"mobile":{"background-color":"var(--ast-global-color-4)","background-image":"","background-repeat":"repeat","background-position":"center center","background-size":"auto","background-attachment":"scroll","background-type":"","background-media":"","overlay-type":"","overlay-color":"","overlay-opacity":"","overlay-gradient":""}},"footnotes":"","_links_to":"","_links_to_target":""},"class_list":["post-5017","page","type-page","status-publish","hentry"],"rttpg_featured_image_url":null,"rttpg_author":{"display_name":"ftu","author_link":"http:\/\/ftuvz.unsl.edu.ar\/index.php\/author\/ftu\/"},"rttpg_comment":0,"rttpg_category":null,"rttpg_excerpt":"Unidad de Educaci\u00f3n a Distancia (UEaD) La Unidad de Educaci\u00f3n a Distancia (UEaD) de la Facultad de Turismo y Urbanismo, [&hellip;]","_links":{"self":[{"href":"http:\/\/ftuvz.unsl.edu.ar\/index.php\/wp-json\/wp\/v2\/pages\/5017","targetHints":{"allow":["GET"]}}],"collection":[{"href":"http:\/\/ftuvz.unsl.edu.ar\/index.php\/wp-json\/wp\/v2\/pages"}],"about":[{"href":"http:\/\/ftuvz.unsl.edu.ar\/index.php\/wp-json\/wp\/v2\/types\/page"}],"author":[{"embeddable":true,"href":"http:\/\/ftuvz.unsl.edu.ar\/index.php\/wp-json\/wp\/v2\/users\/1"}],"replies":[{"embeddable":true,"href":"http:\/\/ftuvz.unsl.edu.ar\/index.php\/wp-json\/wp\/v2\/comments?post=5017"}],"version-history":[{"count":8,"href":"http:\/\/ftuvz.unsl.edu.ar\/index.php\/wp-json\/wp\/v2\/pages\/5017\/revisions"}],"predecessor-version":[{"id":5523,"href":"http:\/\/ftuvz.unsl.edu.ar\/index.php\/wp-json\/wp\/v2\/pages\/5017\/revisions\/5523"}],"wp:attachment":[{"href":"http:\/\/ftuvz.unsl.edu.ar\/index.php\/wp-json\/wp\/v2\/media?parent=5017"}],"curies":[{"name":"wp","href":"https:\/\/api.w.org\/{rel}","templated":true}]}}