{"id":2618,"date":"2025-10-28T12:58:47","date_gmt":"2025-10-28T15:58:47","guid":{"rendered":"http:\/\/ftuvz.unsl.edu.ar\/?page_id=2618"},"modified":"2025-10-28T12:58:47","modified_gmt":"2025-10-28T15:58:47","slug":"tomillo-thymus-vulgaris","status":"publish","type":"page","link":"http:\/\/ftuvz.unsl.edu.ar\/index.php\/tomillo-thymus-vulgaris\/","title":{"rendered":"Tomillo (Thymus vulgaris)"},"content":{"rendered":"\n<div class=\"wp-block-group has-border-color has-cyan-bluish-gray-border-color is-layout-constrained wp-block-group-is-layout-constrained\" style=\"border-width:1px;padding-top:var(--wp--preset--spacing--20);padding-bottom:var(--wp--preset--spacing--20)\">\n<div class=\"wp-block-columns is-layout-flex wp-container-core-columns-is-layout-d23209a0 wp-block-columns-is-layout-flex\" style=\"border-style:none;border-width:0px;padding-top:var(--wp--preset--spacing--30);padding-bottom:var(--wp--preset--spacing--30)\">\n<div class=\"wp-block-column is-layout-flow wp-block-column-is-layout-flow\">\n<figure class=\"wp-block-image aligncenter size-full is-resized\"><a href=\"http:\/\/ftuvz.unsl.edu.ar\/wp-content\/uploads\/2025\/10\/Tomillo-Thymus-vulgaris.jpg\"><img loading=\"lazy\" decoding=\"async\" width=\"240\" height=\"192\" src=\"http:\/\/ftuvz.unsl.edu.ar\/wp-content\/uploads\/2025\/10\/Tomillo-Thymus-vulgaris.jpg\" alt=\"\" class=\"wp-image-2619\" style=\"object-fit:cover;width:300px;height:300px\"\/><\/a><\/figure>\n<\/div>\n<\/div>\n\n\n\n<p>Especie vivaz, peque\u00f1a, subarbustiva, muy ramificada, que alcanza por lo com\u00fan unos 0,30 m de altura.<br>Tallos ascendentes, cuadr\u00e1ngulares, de color gris\u00e1ceo o pardo purp\u00fareo. Hojas opuestas, lineales o lineal lanceoladas, bordes arrollados, brevemente pecioladas o sentadas, verde gris\u00e1ceas, m\u00e1s oscuras en el haz y pubescentes en el env\u00e9s.<br>Flores peque\u00f1as, de color blanco o rosado, dispuestas en cimas axilares densas o en espigas terminales.<\/p>\n\n\n\n<p class=\"has-text-align-right\" style=\"font-size:15px\">Fuente:\u00a0<a href=\"http:\/\/www.herbotecnia.com.ar\/exo-tomillo.html\" target=\"_blank\" rel=\"noreferrer noopener\">herbotecnia<\/a>\u00a0&#8211; Foto: Wikipedia<\/p>\n\n\n\n<p class=\"has-text-align-left\" style=\"font-size:15px\">Po\u00e9tica: Padre Tomillo<\/p>\n\n\n\n<figure class=\"wp-block-image size-full is-resized\"><a href=\"\/wp-content\/uploads\/jardines-y-sensaciones\/Padre-Tomillo.m4a\"><img loading=\"lazy\" decoding=\"async\" width=\"980\" height=\"980\" src=\"http:\/\/ftuvz.unsl.edu.ar\/wp-content\/uploads\/2025\/10\/audio.jpg\" alt=\"\" class=\"wp-image-2488\" style=\"object-fit:cover;width:60px;height:60px\" srcset=\"http:\/\/ftuvz.unsl.edu.ar\/wp-content\/uploads\/2025\/10\/audio.jpg 980w, http:\/\/ftuvz.unsl.edu.ar\/wp-content\/uploads\/2025\/10\/audio-300x300.jpg 300w, http:\/\/ftuvz.unsl.edu.ar\/wp-content\/uploads\/2025\/10\/audio-150x150.jpg 150w, http:\/\/ftuvz.unsl.edu.ar\/wp-content\/uploads\/2025\/10\/audio-768x768.jpg 768w\" sizes=\"auto, (max-width: 980px) 100vw, 980px\" \/><\/a><\/figure>\n<\/div>\n","protected":false},"excerpt":{"rendered":"<p>Especie vivaz, peque\u00f1a, subarbustiva, muy ramificada, que alcanza por lo com\u00fan unos 0,30 m de altura.Tallos ascendentes, cuadr\u00e1ngulares, de color [&hellip;]<\/p>\n","protected":false},"author":1,"featured_media":0,"parent":0,"menu_order":0,"comment_status":"closed","ping_status":"closed","template":"","meta":{"site-sidebar-layout":"default","site-content-layout":"","ast-site-content-layout":"default","site-content-style":"default","site-sidebar-style":"default","ast-global-header-display":"","ast-banner-title-visibility":"","ast-main-header-display":"","ast-hfb-above-header-display":"","ast-hfb-below-header-display":"","ast-hfb-mobile-header-display":"","site-post-title":"","ast-breadcrumbs-content":"","ast-featured-img":"","footer-sml-layout":"","theme-transparent-header-meta":"","adv-header-id-meta":"","stick-header-meta":"","header-above-stick-meta":"","header-main-stick-meta":"","header-below-stick-meta":"","astra-migrate-meta-layouts":"default","ast-page-background-enabled":"default","ast-page-background-meta":{"desktop":{"background-color":"var(--ast-global-color-5)","background-image":"","background-repeat":"repeat","background-position":"center center","background-size":"auto","background-attachment":"scroll","background-type":"","background-media":"","overlay-type":"","overlay-color":"","overlay-opacity":"","overlay-gradient":""},"tablet":{"background-color":"","background-image":"","background-repeat":"repeat","background-position":"center center","background-size":"auto","background-attachment":"scroll","background-type":"","background-media":"","overlay-type":"","overlay-color":"","overlay-opacity":"","overlay-gradient":""},"mobile":{"background-color":"","background-image":"","background-repeat":"repeat","background-position":"center center","background-size":"auto","background-attachment":"scroll","background-type":"","background-media":"","overlay-type":"","overlay-color":"","overlay-opacity":"","overlay-gradient":""}},"ast-content-background-meta":{"desktop":{"background-color":"var(--ast-global-color-4)","background-image":"","background-repeat":"repeat","background-position":"center center","background-size":"auto","background-attachment":"scroll","background-type":"","background-media":"","overlay-type":"","overlay-color":"","overlay-opacity":"","overlay-gradient":""},"tablet":{"background-color":"var(--ast-global-color-4)","background-image":"","background-repeat":"repeat","background-position":"center center","background-size":"auto","background-attachment":"scroll","background-type":"","background-media":"","overlay-type":"","overlay-color":"","overlay-opacity":"","overlay-gradient":""},"mobile":{"background-color":"var(--ast-global-color-4)","background-image":"","background-repeat":"repeat","background-position":"center center","background-size":"auto","background-attachment":"scroll","background-type":"","background-media":"","overlay-type":"","overlay-color":"","overlay-opacity":"","overlay-gradient":""}},"footnotes":"","_links_to":"","_links_to_target":""},"class_list":["post-2618","page","type-page","status-publish","hentry"],"rttpg_featured_image_url":null,"rttpg_author":{"display_name":"ftu","author_link":"http:\/\/ftuvz.unsl.edu.ar\/index.php\/author\/ftu\/"},"rttpg_comment":0,"rttpg_category":null,"rttpg_excerpt":"Especie vivaz, peque\u00f1a, subarbustiva, muy ramificada, que alcanza por lo com\u00fan unos 0,30 m de altura.Tallos ascendentes, cuadr\u00e1ngulares, de color [&hellip;]","_links":{"self":[{"href":"http:\/\/ftuvz.unsl.edu.ar\/index.php\/wp-json\/wp\/v2\/pages\/2618","targetHints":{"allow":["GET"]}}],"collection":[{"href":"http:\/\/ftuvz.unsl.edu.ar\/index.php\/wp-json\/wp\/v2\/pages"}],"about":[{"href":"http:\/\/ftuvz.unsl.edu.ar\/index.php\/wp-json\/wp\/v2\/types\/page"}],"author":[{"embeddable":true,"href":"http:\/\/ftuvz.unsl.edu.ar\/index.php\/wp-json\/wp\/v2\/users\/1"}],"replies":[{"embeddable":true,"href":"http:\/\/ftuvz.unsl.edu.ar\/index.php\/wp-json\/wp\/v2\/comments?post=2618"}],"version-history":[{"count":1,"href":"http:\/\/ftuvz.unsl.edu.ar\/index.php\/wp-json\/wp\/v2\/pages\/2618\/revisions"}],"predecessor-version":[{"id":2620,"href":"http:\/\/ftuvz.unsl.edu.ar\/index.php\/wp-json\/wp\/v2\/pages\/2618\/revisions\/2620"}],"wp:attachment":[{"href":"http:\/\/ftuvz.unsl.edu.ar\/index.php\/wp-json\/wp\/v2\/media?parent=2618"}],"curies":[{"name":"wp","href":"https:\/\/api.w.org\/{rel}","templated":true}]}}